ed by (1 - (-3)/(-2))*-10?
3
Suppose -3*v + 168 = -0*v. Let a be (-303)/(-6)*2 - 12/3. Suppose 4*t + 4*o = o + a, -2*t = 4*o - v. What is the remainder when 43 is divided by t?
21
Let p be (6/1)/((-2)/(-2)). What is the remainder when 0 + 3 + (1 - p) - -19 is divided by 18/(-4)*(-8)/6?
5
Let p = 425 + -391. What is the remainder when 61 is divided by p?
27
Suppose -3*o - o = -28. Let k(a) be the first derivative of -a**3/3 - 11*a**2/2 - 14*a - 7. What is the remainder when k(-6) is divided by o?
2
Suppose -5*m + 3 = i + 23, -4*m - 4*i = 16. Let r be 15/(-20) + (-255)/m. Let j = 105 - r. What is the remainder when j is divided by 15?
12
Suppose 5*d = -2*p - 108, 0 = p - 0*d + 2*d + 55. Let a = 79 + p. What is the remainder when a is divided by 11?
9
Suppose -132 = -6*d + 114. What is the remainder when 530 is divided by d?
38
Suppose 4*g + 58 = 3*d + 4, 3*g = -5*d + 61. Calculate the remainder when 207 is divided by d.
11
Let n(f) = -3*f**3 - f**2 + 3*f + 2. Let h = -378 - -424. What is the remainder when h is divided by n(-2)?
14
Calculate the remainder when 46 is divided by 3 - (-13)/(-5) - 172/(-20).
1
What is the remainder when -2 - (-55)/11 - (0 + -59) is divided by 32?
30
Let n(t) = t + 1. Let d(g) = -g**3 - g**2 - g. Let c(j) = d(j) + 5*n(j). What is the remainder when 20 is divided by c(-3)?
9
Suppose 0*q - 5 = -q. Suppose 2*z - 10 = -8, -2*w - 2*z - 6 = 0. Let i = w + q. Calculate the remainder when 3 is divided by i.
0
Suppose 509*m = 489*m + 280. What is the remainder when 123 is divided by m?
11
Calculate the remainder when (5 + (1 - -184))*2/4 is divided by 14.
11
Suppose -5*j - 276 = -2*x + 44, 4*j - 734 = -5*x. What is the remainder when x is divided by 11?
7
Suppose 0*j - 61 = -3*u + j, -u = 3*j - 37. Let h = u - 4. What is the remainder when h is divided by 8?
2
Suppose 3*b - 20 = 55. Calculate the remainder when ((-8)/(-6))/(4/222) is divided by b.
24
Let f = -203 + 330. Let t = -53 + f. Calculate the remainder when t is divided by 25.
24
Suppose 15 + 30 = -5*p. What is the remainder when 68 is divided by (-3)/(p/(-6)) - -20?
14
Suppose -4*d + 5*x = -249, -d = 4*d - 4*x - 309. Suppose -5*v = -7*v + 42. What is the remainder when d is divided by v?
19
Suppose 0 = -165*x - 562 + 7327. Calculate the remainder when x is divided by (-2*3)/(2/(-5)).
11
Let n = 316 + -308. Calculate the remainder when 47 is divided by n.
7
Let b = -5 + -15. Let o be (-36)/(-30)*b/(-3). What is the remainder when 17 is divided by (-4)/o + 26/4?
5
Suppose 33 = v - 34. Let l = -20339 + 20373. What is the remainder when v is divided by l?
33
Suppose -4*x + 244 = 4*d, 2*x = -0*x - 4*d + 126. What is the remainder when x is divided by 18?
5
Suppose o = 125 + 330. Suppose -2*q = 3*q + o. Calculate the remainder when 1 is divided by 4/30 + q/(-105).
0
Suppose -5*k = -5*w + 90, 2*w + 3*k - 1 = 10. Calculate the remainder when 193 is divided by w.
11
Suppose 455 = 8*p - 3*p. Let q = -17 + p. Calculate the remainder when q is divided by 38.
36
Let f = 21 + -8. Let w = -2845 - -2905. What is the remainder when w is divided by f?
8
Let o = 5 - -27. Let t = 33 - o. What is the remainder when t is divided by 1?
0
Let y be (504/(-35))/(-8) + 2/10. Suppose 2 = -w + y*w - u, w - 5*u = -6. What is the remainder when 6 is divided by w?
2
Let b = 1 - -3. Let y be 1/(3 + 30/(-9)). What is the remainder when b is divided by (y + 2)/(-2)*4?
0
What is the remainder when 174*(6 - (-1 - (-95)/15)) is divided by 20?
16
Let k(i) = -3*i + 37. Suppose -112 = -5*j + j. Calculate the remainder when j is divided by k(9).
8
Suppose 1 = -s - 3, 0 = -2*v + 2*s + 14. Suppose v = 5*g - 22. Suppose 4*j = 3 + 1, -g*d = -2*j - 68. Calculate the remainder when d is divided by 8.
6
Suppose -184 = -4*o - 5*v, 4*o - 239 = -o - 4*v. Calculate the remainder when 916 is divided by o.
49
Suppose -5*y + 4*n - n = -25, 5*y = -2*n. Suppose -3*g + 210 - 41 = y*m, 3*g + 4*m = 179. Let k = 116 + -102. Calculate the remainder when g is divided by k.
11
Let w(k) = -k + 8. Let i(f) = f**2 + 9*f + 51. What is the remainder when i(0) is divided by w(-8)?
3
Let r be 198/36 - (-2)/(-4). Suppose r*b = -w + 14, 4*w - 6*w + 28 = 5*b. Calculate the remainder when 26 is divided by w.
12
What is the remainder when 44 is divided by 2/8 - (-1197)/76?
12
Suppose -352 = -60*n + 49*n. What is the remainder when 63 is divided by n?
31
Suppose 0 = -2*l + 4, -5*h + 3*l - 706 = -10*h. What is the remainder when h is divided by 41?
17
Let s = 12 + -12. Suppose -3*i - 10 - 2 = s, d = -5*i - 21. Let z(p) = 25*p**2 - 2*p - 1. Calculate the remainder when z(d) is divided by 7.
5
Let m(a) = 13*a**2 + 27*a + 47. Calculate the remainder when 628 is divided by m(-2).
43
Suppose 0 = 3*t - 5*t + 56. Suppose -3*m + m = -t. What is the remainder when -3 - ((-888)/60 + 16 + (-296)/5) is divided by m?
13
Suppose 156*m - 170*m + 252 = 0. What is the remainder when 1942 is divided by m?
16
Suppose 3*b + 3*h = 93, b - 6*h + 11*h = 51. What is the remainder when 76 is divided by b?
24
Let v(a) = 0*a - 398 + 392 + a + 4*a. Calculate the remainder when 70 is divided by v(3).
7
Suppose 3*l - 104 = -l. Let i = l + 3. Calculate the remainder when (3*12/27)/((-4)/(-342)) is divided by i.
27
Let b = 285 - 259. Calculate the remainder when 51 is divided by b.
25
Suppose -12 = 3*r + 3, -2*o - 14 = 4*r. Suppose 0 = -2*l - o*g + 19, -5*g + 25 = 5*l - 15. What is the remainder when 6/(-10) - 63/(-5) is divided by l?
2
Suppose 0 = 5*h - h - 32. Let i = 23 - h. Suppose r - 4*r + i = 0. What is the remainder when r is divided by 2?
1
Let u be 266/(-21)*(4 - 1). Let c = u - -42. Calculate the remainder when 6 is divided by c.
2
Let g(q) = q**2 - 1. Let l be g(-2). Suppose -5*m + 212 = 3*p, m + l*p = p + 48. Calculate the remainder when m is divided by 21.
19
Suppose 0 = 14*r + 8*r - 10142. What is the remainder when r is divided by 31?
27
Let q = 3 + 0. Suppose 2*w - 3*l + 9 = 0, -w - 2*l + 0 = -13. Suppose 9*u = w*u + 6. What is the remainder when q is divided by u?
0
Suppose -5*b - 5*n + 43 = -32, -5*n = 2*b - 15. Let s = 346 - 228. Calculate the remainder when s is divided by b.
18
Let t be (4/2 + -13)/((-1)/35). Suppose -12*z = -t - 659. What is the remainder when z is divided by 10?
7
Let n(j) = 16*j + 26. Let t be n(6). Let l = 134 - t. Calculate the remainder when 59 is divided by l.
11
Let m be 13/4 + (-15)/(-20). Let i(t) = 2*t**3 - 6*t**2 - 5*t - 1. Calculate the remainder when i(m) is divided by 3.
2
Let h(i) = -42*i + 6. Let g be (-1)/(3/(0 + -15)). Let s(u) = -21*u + 3. Let x(j) = g*s(j) - 3*h(j). What is the remainder when x(2) is divided by 21?
18
Calculate the remainder when -2*3/21 + (-3182)/(-14) is divided by 76.
75
Let p = 373 - -433. Suppose 618 = 4*w - p. Suppose -w = -0*a - 4*a. What is the remainder when a is divided by 18?
17
Suppose h - 6 = 1. Let l = -7 - -35. Let o = -16 + l. What is the remainder when o is divided by h?
5
Let g be -1 - 0/5 - -1. Suppose -3*a - 9*a + 420 = g. What is the remainder when a is divided by 20?
15
Let d = -505 - -520. Let r(k) = 17*k - 14. Let p(c) = -18*c + 15. Let z(q) = 6*p(q) + 7*r(q). What is the remainder when z(6) is divided by d?
13
Suppose 2*n - 5 = -d, d + 4*n - 7 = 3*n. Suppose 17*t = -1387 + 1506. What is the remainder when d is divided by t?
2
What is the remainder when 262 is divided by 8/(-76) - 15070/(-209)?
46
Let j(q) = 3*q + 51. Let d be j(0). Let o = d - 37. What is the remainder when 55 is divided by o?
13
Let w = -2039 + 2058. What is the remainder when w is divided by 4?
3
Let i(z) be the third derivative of z**5/60 + z**4/24 - 2*z**3 - 13*z**2. Calculate the remainder when 31 is divided by i(-5).
7
Let z(s) = s - 17. Let w be z(6). Let u(q) = q**2 + 10*q - 13. Let o be u(w). Let a = 3 - o. Calculate the remainder when 17 is divided by a.
2
Let i be (-6)/33 - 4/(-22). Suppose 5*g = -25, i*g + 2*g = 2*j - 78. Calculate the remainder when j is divided by 9.
7
What is the remainder when ((-3880)/34)/(-1) + (-44)/374 is divided by 15?
9
Suppose 4*p + 2*t = 34, -4*p + 3*t + 0 = -9. Suppose p*v + 91 = 13*v. What is the remainder when 38 is divided by v?
12
Let j = 942 + -857. What is the remainder when 509 is divided by j?
84
Let s(g) be the first derivative of g**2 + 2*g + 6. Let p b